vided by m.
37
Suppose 3*o - 57 = -4*a, 3*o - 12*a = -9*a + 36. What is the remainder when 2007 is divided by o?
12
Let s(t) = 15*t**2 + 15*t + 32. What is the remainder when s(-5) is divided by 28?
24
Let l(s) = -10*s. Let d be l(-1). Let u be 14/4 + 5/d. Suppose 3*x + 15 = u*x. Calculate the remainder when x is divided by 8.
7
Suppose -s + 3*q + 72 = 0, 0 = 14*s - 15*s + 2*q + 68. What is the remainder when s is divided by 18?
6
Suppose 53*x - 385 = 1523. What is the remainder when 611 is divided by x?
35
Let c(n) = -25*n + 184. Calculate the remainder when 406 is divided by c(6).
32
Let t(c) = 8*c**2 - 20*c - 146. Calculate the remainder when t(-9) is divided by 99.
88
Suppose -2*w = -6*w + 888. What is the remainder when (2/(-3))/((-4)/w) is divided by ((-2)/8)/(106/(-104) - -1)?
11
Let z = -108 - -166. Let a = -21 + z. What is the remainder when a is divided by (4/(-2))/(4/(-38))?
18
Let s(d) = d**2 - 7*d - 19. Let l be s(9). Calculate the remainder when 77 is divided by l + 0 + 0 - (-13 - 4).
13
Let y(v) = 28*v + 651. What is the remainder when 108 is divided by y(-20)?
17
Suppose 2*j = -4, -m + 0*j + 27 = 3*j. Calculate the remainder when m is divided by 29.
4
Suppose 0 = -3*m + 4 - 1. What is the remainder when 1/((1/51)/(0 + m)) is divided by 11?
7
Let i be (-1245)/75 - 4/10. Let s = 30 + i. What is the remainder when 24 is divided by s?
11
What is the remainder when 12 + 24 + 0/1 is divided by (1/2)/((-1374)/(-228) - 6)?
17
Calculate the remainder when 831 is divided by ((-520)/60)/((-3)/18).
51
Let j(l) = 57*l + 1. Let v be j(7). Calculate the remainder when v/14 + 9/21 is divided by 11.
7
Suppose 0 = -i - j + 27, -3*i = -2*j - 0*j - 71. Suppose k + 12 = 3*k. Suppose k*u - u = 4*b - 8, 5*u = b + 13. Calculate the remainder when i is divided by b.
4
Let x be (-1)/(-7) - 5/((-35)/(-624)). Let z = x + 110. Calculate the remainder when 62 is divided by z.
20
Let n(l) = 2*l**3 - 3*l**2 - 10. Let c(h) = h**3 - 14*h**2 + h + 17. Calculate the remainder when c(14) is divided by n(3).
14
Let u(t) = t. Suppose 204 = 19*q - 7*q. What is the remainder when q is divided by u(7)?
3
Suppose 0 = 3*i - 18 + 102. Let a = i + 93. Suppose -2 = -2*d, 0 = 5*k + 3*d - d - 172. What is the remainder when a is divided by k?
31
Suppose -5*l + 225 = -5*w, -36 - 59 = 2*w - l. Let o = w - -69. Calculate the remainder when o is divided by 11.
8
Let n = -1 + 1. Suppose -3*j + 5*f + 0*f + 332 = n, 2*j = f + 212. Suppose -96 = -4*b + j. Calculate the remainder when b is divided by 26.
24
Let n(r) = -8*r + 1. Let f be n(1). Let i(l) = -l**3 - 6*l**2 + 5*l - 8. What is the remainder when i(f) is divided by (-3)/(-2*(-9)/(-24))?
2
Let l be (-54)/(-15) + 6/(-10). Suppose -208 = -l*s - g, 5 = -2*g + 1. What is the remainder when s is divided by 18?
16
Let s = 26 + -14. Suppose 0 = 4*k - 8*k + 16. Suppose -3*a + 102 = 3*h, k*a + 35 - 6 = h. What is the remainder when h is divided by s?
9
Let q = 300 - 229. Calculate the remainder when q is divided by 15.
11
Let q = 25 - 6. Suppose -4*j + 67 + 61 = 0. Suppose 0 = -2*s + 102 - j. What is the remainder when s is divided by q?
16
Calculate the remainder when (-14*(-9)/126)/((-1)/(-321)) is divided by 104.
9
Let c(w) = 2*w**2 + 8*w + 5. Let l = -41 + 35. Calculate the remainder when 84 is divided by c(l).
26
Let h = 9 - -14. Let s(o) = o**2 - 12*o + 39. Let r be s(9). What is the remainder when h is divided by 147/r + (0 - (-3)/4)?
10
Let s(y) = -3*y - 3. What is the remainder when s(-6) is divided by 3/(-9) + (-200)/(-15)?
2
Suppose -10*m + 453 = -397. Calculate the remainder when 278 is divided by m.
23
Suppose -3*k + 0*y + 2*y - 7 = 0, -y = 2*k - 7. Let u = k + 20. Calculate the remainder when 81 is divided by u.
18
Let m = -24 + 26. Suppose -12 - 16 = -m*y. What is the remainder when 39 is divided by y?
11
Let a = 5 - 2. Suppose 5*x - 3*u = -4*u + 150, -a*x + 3*u + 90 = 0. Let l(v) = -57*v - 220. What is the remainder when x is divided by l(-4)?
6
Suppose 5*a - 3*u - 274 - 114 = 0, -u - 155 = -2*a. Let m be (-4)/(2*-1) - 0. Calculate the remainder when a/m*(-12)/(-7) is divided by 23.
20
Suppose 5*w - 4*t - 52 = 32, 3*t - 12 = 0. Calculate the remainder when 54 is divided by w.
14
Let u = 10 - 10. Suppose -13*x + 170 + 116 = u. Calculate the remainder when 63 is divided by x.
19
Let f be 138 - (-2)/8*-4. Let j be f - (6/(-1) + 3). Suppose 2*h - j = -14. What is the remainder when h is divided by 13?
11
Let l(k) = -k**3 + 8*k**2 - 2*k + 2. Suppose -6*u - 2 + 38 = 0. Suppose 0 = -u*x + 11*x - 75. Calculate the remainder when l(4) is divided by x.
13
Suppose -233 = -2*n + 2*i + 3*i, 3*n + 3*i = 402. Calculate the remainder when n is divided by 65.
64
Let k be 96/54 - 4/(-18). Suppose -k*w + 3*o + 18 = 5, 3*o - 2 = -w. Suppose -1 = -3*i + 2, -4*i + 114 = w*r. Calculate the remainder when 65 is divided by r.
21
Let c = -49 - -70. Suppose 14*v - c = 11*v. Calculate the remainder when 54 is divided by v.
5
Let u = -62 + 62. Suppose 5*k - 48 - 57 = u. What is the remainder when k is divided by 12?
9
Let z = -50 + 72. Let o = 29 - 21. Calculate the remainder when z is divided by o.
6
Suppose 0 = 2*f - 3*x - 89, -3*f - x = -f - 77. Let r = f - 35. What is the remainder when 12 is divided by r?
2
Suppose 5*i - 76 = i. Suppose 5*x - 10 - 10 = 0. Suppose -2*m = x*r - 30, m - 2*r = -2*m + 29. Calculate the remainder when i is divided by m.
8
Let q(f) = f**3 + 3*f**2 - 1. Let c be q(-2). Calculate the remainder when c/(3/(-1)) + 43 is divided by 17.
8
Let p = 8 + -1. Let u be 1 + p + -2 - 0. Suppose -26 = -u*z - 8. What is the remainder when 8 is divided by z?
2
Suppose -3*b = 3*r - 5 - 4, -3*r + 7 = 4*b. Calculate the remainder when 39 is divided by r.
4
Suppose 0 = -2*w + 4 - 12. Suppose 3*d - 4*x - 33 - 11 = 0, d + 4*x - 20 = 0. Calculate the remainder when ((-20)/w + 4)*7 is divided by d.
15
Let x(f) = f**2 + 6*f + 3. Let i be x(-5). What is the remainder when 93 is divided by ((-8)/(-5))/(i/(-20))?
13
Suppose -12*t = -1948 - 752. What is the remainder when t is divided by 40?
25
Let b = -10361 + 10374. Calculate the remainder when 1 + 1 - (-18 - 1) is divided by b.
8
Let s(m) = m**2 - 5*m + 10. What is the remainder when 36 is divided by s(3)?
0
Suppose -43 - 174 = -3*u + 2*l, 0 = 4*u + 2*l - 308. Suppose -2*h - u = -7*h. What is the remainder when 43 is divided by h?
13
Let q = -21 + 10. What is the remainder when 7 is divided by (-24)/q - 8/44?
1
Let s(f) = -f**2 - 24*f - 32. What is the remainder when s(-10) is divided by 16?
12
Suppose 830 = 35*o + 60. What is the remainder when 54 is divided by o?
10
Let s(i) = -i**2 + 6*i - 3. Let p be s(4). Let y(c) = 7*c**2 - 2*c + 10. What is the remainder when y(p) is divided by 45?
40
Let k(v) = -4 - 4 + 3 - 8*v. Suppose -p + 6*p - 65 = -4*c, -2*c = 3*p - 37. Calculate the remainder when k(-5) is divided by p.
8
Suppose 0 = l - 3*f - 25, 0 = 2*l - 3*f - 65 + 9. Let s = 43 - l. Calculate the remainder when 9 + 5 + (6 - -27) is divided by s.
11
Let w(z) = -30*z**3 + z**2. Let r be (-6)/8 - (-4 + (-17)/(-4)). Calculate the remainder when 60 is divided by w(r).
29
Let a = 10 + 6. Let g(k) = -2 - 10*k + a*k - 2 - 6. Calculate the remainder when 51 is divided by g(4).
9
Let l = 4 - -28. Suppose -l + 151 = 7*b. What is the remainder when b is divided by 12?
5
What is the remainder when 3262/(-105)*20/16*-6 is divided by 120?
113
What is the remainder when (-9 - 1354/4)*-2 is divided by 140?
135
Suppose -66*m - 816 = -69*m. Calculate the remainder when m is divided by 141.
131
Suppose -144*y + 96 = -143*y. Calculate the remainder when y is divided by 9.
6
Let j(w) = 3*w + 78. Let g be j(0). Suppose -9*i - g = -15*i. What is the remainder when 43 is divided by i?
4
Suppose c - 6*c = 10. Let y be (11/c)/((-7)/(-14)). Let x(b) = b**3 + 11*b**2 - b + 14. Calculate the remainder when x(y) is divided by 7.
4
Suppose 4*g = -0*d + 4*d, 2*g = -3*d. Let p(x) = x**3 - x**2 + 9. Let v be p(g). Suppose 2*a - 17 - v = 0. What is the remainder when a is divided by 8?
5
Let b(w) = 2*w**2 + 3*w - 1. Let x(v) = v**2 + 2*v - 1. Let u(a) = 6*b(a) - 10*x(a). Calculate the remainder when u(3) is divided by (-18)/171 + 232/38.
4
Suppose 30*v + 183 = 1353. What is the remainder when v is divided by 25?
14
What is 